19 - c. Calculate the remainder when v is divided by 3.
0
Let m(x) be the third derivative of x**4/8 + 7*x**3/6 + 5*x**2. Suppose 0 = 7*u - 196 - 406. Calculate the remainder when u is divided by m(5).
20
Let v = 333 - 248. Calculate the remainder when v is divided by 3.
1
Let a be -6*6/(-9) + -8. Calculate the remainder when 5 is divided by -3 + a*(-2)/8*5.
1
Suppose -f - f = 0. Suppose h - 16 = -f*h. What is the remainder when ((-180)/(-42))/(3/21) is divided by h?
14
Suppose -5*q + 559 = -51. Suppose 0 = -v + q - 114. Calculate the remainder when (174/(-4))/(-3)*2 is divided by v.
5
Let u(s) = s**2 - 42*s + 93. Calculate the remainder when 415 is divided by u(41).
51
Let g(n) = n**2 + n + 81. Let s be (-1074)/2*2/6. Let u = 207 + s. What is the remainder when g(0) is divided by u?
25
Let z = -765 - -1012. Calculate the remainder when z is divided by 62.
61
Suppose 3*g + 2*x = 152, -21*g - 48 = -22*g + 2*x. What is the remainder when 498 is divided by g?
48
Suppose -j = -7*j + 24. Suppose 158 = j*w - 2*w. Calculate the remainder when w is divided by 27.
25
Suppose -4*d = -3*d - 42. Let u(w) = w**2 + 5*w. Let a be u(-6). Calculate the remainder when d is divided by (3/(-2))/(a/(-44)).
9
Let g be ((-16)/20)/((-1)/5). Let x = 58 - 50. Let c = g + x. What is the remainder when 22 is divided by c?
10
Suppose 0 = 15*t + 2*t - 51. What is the remainder when 424 is divided by t?
1
Let c be (3/(-4))/(5/440). Let o = 113 + c. Calculate the remainder when o is divided by 24.
23
Let g = 31 + -26. Suppose 0 = -g*p - 0*p + 145. Calculate the remainder when 141 is divided by p.
25
Let g = 264 - 253. Suppose 0 = y - 5*q + 9, -4*q - 8 = -0*q. Let k = 12 - y. What is the remainder when k is divided by g?
9
Suppose 0 = -4*z - 5*b - 41, -3 = 4*z + b + 34. Calculate the remainder when (-1 + -1 - -2) + 39 is divided by (39/6 - -1)/(z/(-12)).
9
Suppose 54*n = 51*n + 321. Calculate the remainder when n is divided by 36.
35
Suppose 50 - 8 = 4*w - f, 5*f = -5*w + 40. Calculate the remainder when 159 is divided by w.
9
Let c = 1755 - 1669. What is the remainder when c is divided by ((-27)/(-2))/((-6)/(-8))?
14
Suppose -77 = -2*q - 27. Calculate the remainder when 68 is divided by q.
18
What is the remainder when 214 - (48/(-20) - 3/5) is divided by 22?
19
Suppose 5*y + 6*a - 44 = 2*a, 2*y - 20 = -a. Calculate the remainder when (0 - -3)*-2*(-142)/y is divided by 12.
11
Suppose -9*p + 14*p = 5. Let i(k) = 22*k**2 - k + 1. Calculate the remainder when 87 is divided by i(p).
21
Suppose -149 = -4*a - g, 3*a + 2*g - 146 = -a. Calculate the remainder when ((-60702)/(-2412))/((10/12)/5) is divided by a.
37
What is the remainder when 258 is divided by ((-1380)/46)/((-3)/4)?
18
Suppose -4*c + 6*c - 8 = r, -2*r = -3*c + 11. Calculate the remainder when (-7)/(2/(-6) - 0) is divided by c.
1
Let i = -3 + 8. Suppose 4*p - i*w + 9 = 0, 4*w = -2*p + 3*p + 16. Suppose p*q - 102 = 54. Calculate the remainder when q is divided by 21.
18
Suppose 2*d = -2*d - v - 14, -3*d - 10 = v. Let z(n) = -n + 13. Calculate the remainder when 98/3 + 4/12 is divided by z(d).
16
Let k = -211 + 312. What is the remainder when k is divided by 55?
46
Let h = -8 - -11. Suppose 3*c + 3*o + 176 = 5*o, 235 = -4*c + h*o. Let m = c + 97. What is the remainder when m is divided by 21?
18
Let j = 157 + -124. What is the remainder when 67 is divided by j?
1
Let m = 172 + -289. Let z = -36 - m. What is the remainder when z is divided by 22?
15
Let d be (-9)/(-12) - 41/(-4). Let x = -8 + d. Calculate the remainder when (56/(-6))/((-2)/x) is divided by 4.
2
Let n(p) = -5 + 6 - 7 + 2*p. Let q be n(3). Suppose q = 2*l - 2*d + 7*d - 41, 93 = 4*l - d. Calculate the remainder when l is divided by 12.
11
Let o(u) = -13*u - 3. Let f be o(-1). Let s = 28 + f. What is the remainder when s is divided by 13?
12
Let l(h) be the third derivative of h**6/120 - 3*h**5/20 + 11*h**4/24 + h**3/2 + h**2. Calculate the remainder when l(8) is divided by 14.
13
Let m = -1662 - -1711. Calculate the remainder when 206 is divided by m.
10
Let t = 470 + -426. What is the remainder when t is divided by 11?
0
Let q(a) = a. Suppose -59 = -8*t + 21. What is the remainder when 70/4 + 2/(-4) is divided by q(t)?
7
Let a(u) = -12*u**2 - u - 5. Let c be a(3). Let k = -78 - c. What is the remainder when 112 is divided by k?
36
Let t(s) = -9*s + 3. Let r be t(-18). Suppose -4*b = -9*b + r. Calculate the remainder when b is divided by 18.
15
Suppose -4*f = -5*x - 35, -f + 3*x + 14 + 0 = 0. Suppose -f = -u + 6*u. Calculate the remainder when 7 is divided by -2 + u + 1 + 6.
3
Suppose -6*n + n = g + 203, -2*g = 3*n + 413. Let o = -147 - g. Calculate the remainder when o is divided by 31.
30
Let d(q) = 168*q**2 - q - 1. What is the remainder when d(-1) is divided by 93?
75
Let j = 51 + -46. Suppose 0 = y - j, -b + 3*b - y = 79. Calculate the remainder when 167 is divided by b.
41
Suppose m = -2*a + 5*a - 37, -5*m = -25. Suppose 0 = -5*t + 4*t + a. What is the remainder when t is divided by 5?
4
Let u = -178 + 180. Suppose 2*t - u*o = 22, -58 = -3*t + 4*o - 6*o. Let s(w) = -14*w - 8. Calculate the remainder when s(-6) is divided by t.
12
Suppose -s - 3*n + 287 - 35 = 0, -5*s = -n - 1244. Calculate the remainder when s is divided by 64.
57
Suppose 56 = 3*t - t - 2*i, 3*t + 4*i = 70. What is the remainder when t is divided by 9?
8
What is the remainder when (-2)/(14/7 + 55/(-27)) is divided by 3?
0
Let n = 1948 - 1910. Calculate the remainder when 2429 is divided by n.
35
Suppose 5*o + 23 = 13. What is the remainder when (-2 - (2 + o)) + 12 is divided by 3?
1
Suppose 4*m - 4*n - 144 = 0, 3*m - 43 = -2*n + 85. Suppose 2*j = -6, -s = -3*j - 453 + 166. What is the remainder when s is divided by m?
38
Let w(r) = 36*r**2 - r + 4. Let k(c) = c**2 + c + 1. Let t(g) = -2*k(g) + w(g). Calculate the remainder when t(1) is divided by 18.
15
Suppose -3*r + 6 = 0, -4*v - r + 95 + 23 = 0. Suppose -2*t = 16 - 6, -89 = -2*l + t. Suppose 0 = -4*p - 2 + l. What is the remainder when v is divided by p?
9
Suppose -92 + 12 = -4*y + 4*k, 19 = 2*y + 5*k. Calculate the remainder when y is divided by 2/(-10)*-9*5.
8
Let r = -157 - -234. Let k = r - 47. Calculate the remainder when (-35)/10*8/(-14) - -56 is divided by k.
28
Let u(n) = -8*n**2 + 42*n. Suppose 7*s - 3*s + 2*m + 2 = 0, -3*m = 3*s + 9. Calculate the remainder when u(5) is divided by s.
0
Let m(n) = n**3 - 19*n**2 + 17*n + 22. Let y be m(18). Let q = y + 4. Calculate the remainder when q is divided by 2/(-8) - (-52)/16.
2
Let c be (-3)/(-5) + (-28)/(-20). Suppose 12 = -c*l + 66. Calculate the remainder when l is divided by 10.
7
Let p be -3*((-6)/(-2) + 3/(-9)). Calculate the remainder when (-2 - -10)*(-34)/p is divided by 9.
7
Suppose 0 = 26*l - 100 - 4. Let y be (-2)/6 - (-182)/6. Suppose y = -0*u + 2*u. Calculate the remainder when u is divided by l.
3
Let q(s) be the first derivative of s**4/2 - 2*s**3 - 7*s**2/2 + 3*s - 1. Let f = 102 + -97. Calculate the remainder when q(f) is divided by 14.
12
Calculate the remainder when 66 is divided by (11 - 33/(-6)) + 1/2.
15
Suppose 41 = 5*d - 9. What is the remainder when 1238 is divided by d?
8
Let i(x) = -9*x - 1. Suppose 276 = -5*l - r + 7, -5*l - 4*r = 281. Let u = 119 + l. Calculate the remainder when u is divided by i(-2).
15
Let w = 8 - -152. What is the remainder when w is divided by 23?
22
What is the remainder when (-1399)/(-4) + (-15)/(-60) is divided by 59?
55
Let d(q) = -23*q - 59. What is the remainder when 161 is divided by d(-4)?
29
Suppose 81774 = 98*v + 20*v. Calculate the remainder when v is divided by 29.
26
Let g(x) = 2*x**3 - 2*x**2 + 2*x + 3. Let j be g(-1). Let c = 10 + j. Calculate the remainder when 31 is divided by c.
3
Suppose 3*t + 6 = 0, 61*m - 3*t + 69 = 62*m. Calculate the remainder when 898 is divided by m.
73
Let t(j) = -2*j - 22. What is the remainder when 38 is divided by t(-14)?
2
Suppose -87*y - 1052 = -91*y + 2*i, -5*y = -i - 1312. What is the remainder when y is divided by 88?
86
Let o = -290 + 293. Calculate the remainder when 18 is divided by o.
0
Suppose 0 = -4*f - 5*n + 53 - 7, 4*n + 50 = 3*f. What is the remainder when 2/(-6) - 118/(-3) is divided by f?
11
Let c = 1141 - 1127. Calculate the remainder when 264 is divided by c.
12
S